der when 86141 is divided by 101?
89
Calculate the remainder when 18477 is divided by 131.
6
What is the remainder when 5475 is divided by 942?
765
What is the remainder when 7754 is divided by 1734?
818
Calculate the remainder when 15030 is divided by 14995.
35
What is the remainder when 2000 is divided by 994?
12
Calculate the remainder when 7994 is divided by 170.
4
Calculate the remainder when 5838 is divided by 133.
119
What is the remainder when 908 is divided by 908?
0
Calculate the remainder when 123 is divided by 80.
43
Calculate the remainder when 56592 is divided by 784.
144
What is the remainder when 837 is divided by 13?
5
What is the remainder when 15322 is divided by 96?
58
What is the remainder when 246297 is divided by 41?
10
What is the remainder when 4981 is divided by 1245?
1
Calculate the remainder when 788037 is divided by 796.
793
What is the remainder when 228010 is divided by 12?
10
Calculate the remainder when 236001 is divided by 35.
31
What is the remainder when 19850 is divided by 7?
5
What is the remainder when 1455 is divided by 68?
27
Calculate the remainder when 22084 is divided by 5520.
4
What is the remainder when 9764 is divided by 375?
14
What is the remainder when 124279 is divided by 260?
259
Calculate the remainder when 5965 is divided by 2889.
187
Calculate the remainder when 1489 is divided by 80.
49
What is the remainder when 2821 is divided by 44?
5
What is the remainder when 11726 is divided by 142?
82
What is the remainder when 99624 is divided by 1215?
1209
Calculate the remainder when 724 is divided by 88.
20
What is the remainder when 60149 is divided by 7?
5
What is the remainder when 64477 is divided by 24?
13
What is the remainder when 3203 is divided by 295?
253
Calculate the remainder when 1705609 is divided by 484.
477
Calculate the remainder when 4221 is divided by 70.
21
Calculate the remainder when 132098 is divided by 33.
32
Calculate the remainder when 74612 is divided by 21.
20
What is the remainder when 4919 is divided by 432?
167
Calculate the remainder when 29562 is divided by 14664.
234
Calculate the remainder when 1562 is divided by 1053.
509
What is the remainder when 491934 is divided by 4776?
6
What is the remainder when 83811 is divided by 297?
57
What is the remainder when 31544 is divided by 213?
20
What is the remainder when 2888549 is divided by 210?
209
What is the remainder when 3877 is divided by 113?
35
What is the remainder when 152340 is divided by 49?
48
Calculate the remainder when 237356 is divided by 184.
180
What is the remainder when 11710 is divided by 161?
118
Calculate the remainder when 51948 is divided by 3439.
363
What is the remainder when 5457 is divided by 5185?
272
What is the remainder when 7339 is divided by 32?
11
What is the remainder when 1380 is divided by 351?
327
What is the remainder when 53695 is divided by 281?
24
What is the remainder when 1056 is divided by 263?
4
What is the remainder when 15452 is divided by 1047?
794
What is the remainder when 544511 is divided by 32?
31
What is the remainder when 1613 is divided by 402?
5
What is the remainder when 79617 is divided by 7236?
21
Calculate the remainder when 114335 is divided by 144.
143
Calculate the remainder when 250774 is divided by 175.
174
What is the remainder when 637711 is divided by 707?
704
What is the remainder when 2862 is divided by 710?
22
Calculate the remainder when 2727 is divided by 782.
381
Calculate the remainder when 131647 is divided by 103.
13
Calculate the remainder when 147865 is divided by 465.
460
Calculate the remainder when 3496 is divided by 48.
40
What is the remainder when 120010 is divided by 274?
272
What is the remainder when 4018 is divided by 2004?
10
Calculate the remainder when 307596 is divided by 67.
66
Calculate the remainder when 7648 is divided by 225.
223
What is the remainder when 144330 is divided by 225?
105
Calculate the remainder when 103757 is divided by 157.
137
Calculate the remainder when 202273 is divided by 31.
29
What is the remainder when 26501 is divided by 171?
167
What is the remainder when 1701 is divided by 21?
0
Calculate the remainder when 1822 is divided by 589.
55
Calculate the remainder when 61112 is divided by 26.
12
What is the remainder when 38951 is divided by 12947?
110
What is the remainder when 14881 is divided by 295?
131
Calculate the remainder when 140969 is divided by 20138.
3
Calculate the remainder when 764663 is divided by 55.
53
What is the remainder when 13677 is divided by 97?
0
What is the remainder when 857 is divided by 90?
47
Calculate the remainder when 83339 is divided by 20789.
183
Calculate the remainder when 35917 is divided by 5980.
37
What is the remainder when 8443 is divided by 41?
38
What is the remainder when 101221 is divided by 57?
46
What is the remainder when 122221 is divided by 33?
22
Calculate the remainder when 1047 is divided by 158.
99
Calculate the remainder when 3455 is divided by 20.
15
Calculate the remainder when 249388 is divided by 13.
9
Calculate the remainder when 12935 is divided by 264.
263
Calculate the remainder when 2085095 is divided by 82.
81
What is the remainder when 1113 is divided by 231?
189
What is the remainder when 3936 is divided by 279?
30
What is the remainder when 6197 is divided by 3087?
23
Calculate the remainder when 1608165 is divided by 1709.
1705
Calculate the remainder when 28316 is divided by 301.
22
Calculate the remainder when 66255 is divided by 60.
15
Calculate the remainder when 11145 is divided by 1105.
95
Calculate the remainder when 31623 is divided by 197.
103
What is the remainder when 3040 is divided by 674?
344
What is the remainder when 18994 is divided by 1265?
19
Calculate the remainder when 1018005 is divided by 53.
34
What is the remainder when 826 is divided by 25?
1
What is the remainder when 2099 is divided by 424?
403
Calculate the remainder when 10098 is divided by 918.
0
Calculate the remainder when 99141 is divided by 6195.
21
What is the remainder when 523319 is divided by 130824?
23
What is the remainder when 229514 is divided by 75?
14
Calculate the remainder when 2827 is divided by 1170.
487
What is the remainder when 13002 is divided by 78?
54
Calculate the remainder when 1112 is divided by 534.
44
Calculate the remainder when 4924 is divided by 573.
340
Calculate the remainder when 39990 is divided by 197.
196
Calculate the remainder when 80826 is divided by 4252.
38
What is the remainder when 1021756 is divided by 59?
53
What is the remainder when 969 is divided by 339?
291
Calculate the remainder when 512 is divided by 150.
62
Calculate the remainder when 19869 is divided by 54.
51
What is the remainder when 39179 is divided by 19569?
41
What is the remainder when 22956 is divided by 1043?
10
What is the remainder when 19938 is divided by 9887?
164
Calculate the remainder when 29586 is divided by 385.
326
What is the remainder when 17691 is divided by 8839?
13
Calculate the remainder when 159599 is divided by 71.
62
What is the remainder when 14065 is divided by 143?
51
What is the remainder when 44309 is divided by 8?
5
Calculate the remainder when 167471 is divided by 41848.
79
Calculate the remainder when 106131 is divided by 792.
3
Calculate the remainder when 4759 is divided by 2378.
3
What is the remainder when 69976 is divided by 218?
216
Calculate the remainder when 28345 is divided by 350.
345
Calculate the remainder when 9214 is divided by 1314.
16
Calculate the remainder when 9642 is divided by 14.
10
Calculate the remainder when 36046 is divided by 10.
6
Calculate the remainder when 6495 is divided by 19.
16
What is the remainder when 16472 is divided by 531?
11
What is the remainder when 145528 is divided by 882?
880
What is the remainder when 4052 is divided by 1553?
946
What is the remainder when 40569 is divided by 138?
135
What is the remainder when 55110 is divided by 861?
6
What is the remainder when 17556 is divided by 487?
24
Calculate the remainder when 350984 is divided by 132.
128
Calculate the remainder when 238 is divided by 72.
22
What is the remainder when 63452 is divided by 63452?
0
What is the remainder when 5918 is divided by 9?
5
Calculate the remainder when 144293 is divi